Suppose -4*t = 2*r - 0*t - 22, 4*r - 5*t + 21 = 0. Suppose 4*n - o = 16, -3*n + 2 - r = 2*o. Let u(k) = 5*k**2 - 23*k - 5 - 11*k + 25*k + k**n. Calculate u(-6).
13
Let h = 19266 - 19258. Let d(f) = f + 7 - 8 + 0*f - 18. Determine d(h).
-11
Suppose -3 + 5 = 5*a - g, 3*a + 2 = -g. Suppose 57 = -3*h - 2*w + 19, a = 2*h + w + 24. Let f(b) = -b**2 - 11*b - 9. Give f(h).
1
Let b(r) = -r**2 + 3*r - 1. Suppose -4*p - 12 = -32, 0 = -3*j - p + 68. Suppose -j = 2*h - 4*q - 159, 4*h - 289 = -5*q. Let n = h + -67. Calculate b(n).
-5
Let w(o) = o**3 - 4*o**2 + o - 25. Let v be w(5). Suppose 4*f - 2 = 3*j, 20 = v*f + 13*j - 8*j. Let l(q) = q - 3. What is l(f)?
-1
Suppose -4 = -q, -5*t - 19 - 2 = q. Let b(l) = -l**2 + 13*l - 6. Let h(d) = d**2 - 15*d + 7. Let n(m) = t*h(m) - 6*b(m). Determine n(4).
5
Let p(x) = -3*x**2 + 5*x + 553*x**3 + 11 - 233*x**3 - 321*x**3. Calculate p(-5).
36
Let r(g) = g**2 - 11*g - 18. Let k(s) = -s**2 - 12*s - 6. Let c be k(-11). Suppose 4*p - 43 - c = 0. Let v be r(p). Let z(h) = h**2 + 7*h + 1. Calculate z(v).
-5
Let m(g) = -2*g - 2. Let k(d) = -d - 14. Let c(v) = -2*v + 1. Let o(u) = -3*c(u) - k(u). Let b(n) = 9*m(n) + 2*o(n). Give b(3).
-8
Let j(f) = f**3 - 8*f**2 + 9*f - 3. Let u be 1/(-5)*4 + (-122)/10. Let g(c) = -c**3 - 12*c**2 + 14*c + 15. Let q be g(u). Suppose 0 = -q*s + 69 - 55. Give j(s).
11
Let a(x) be the first derivative of x**4/12 + 31*x**3/6 + 66*x**2 + 68. Let t(n) be the second derivative of a(n). What is t(-14)?
3
Let y(v) be the third derivative of v**7/2520 + v**6/72 - 7*v**5/12 + v**3/6 + 68*v**2. Let o(t) be the third derivative of y(t). Calculate o(-8).
-6
Let x(n) = -15*n + 5. Suppose -3*d = 2*m + 5, -5*m + 25 = -15*d + 10*d. Determine x(m).
-25
Suppose 5 = 3*h - 2*h. Suppose 2*j - 3*r = -h, j = 4*j + 3*r - 30. Let z(p) be the first derivative of -p**3/3 + 3*p**2 - 6*p + 291564. What is z(j)?
-1
Let m(i) = i**2 + 7*i + 10. Let a be -1 + -38 + (-16 - -10). Let r be (a/(-10))/(2/(-4)). Calculate m(r).
28
Let m be 6*(2 + (-20)/24). Let a be (-1461)/(-15) - (-4)/(-10). Let w(t) = 9*t - 1 - a*t**2 + 187*t**2 - 91*t**2. Give w(m).
13
Let y be (-2)/(12/9)*-2. Let s(v) = -v**y - 14*v**2 + v**2 + 5*v**2 + 3 - 8*v. Give s(-7).
10
Let y(p) = -891 - 3*p + 15*p + 832. What is y(5)?
1
Let f(q) be the first derivative of -18*q**2 + 18*q + 1330. What is f(1)?
-18
Let o be 2/5 - (-60)/(-25). Let d(f) be the third derivative of f**5/15 - f**4/8 - f**3/6 - 685*f**2. Calculate d(o).
21
Let q(p) be the second derivative of -4*p**3/3 - 37*p**2/2 - 2*p + 1468. Determine q(-5).
3
Let w = 10 + -16. Let s(n) be the first derivative of n**4/12 + 4*n**3/3 + 5*n**2/2 + 295*n - 171. Let v(z) be the first derivative of s(z). Determine v(w).
-7
Let v(w) be the second derivative of -87 - 5*w**3 + 3*w**3 + 2*w**2 + 0*w**2 - 2*w - 102. What is v(2)?
-20
Suppose -2*v + 6*v = -4. Let k(z) be the third derivative of 0 + 0*z - 1/6*z**3 - 10*z**2 + 0*z**5 - 1/8*z**6 - 1/24*z**4. What is k(v)?
15
Let h(g) = -g**3 + 4*g**2 - g - 3. Let y be h(3). Let q(s) = s**2 - s + 8 + 1 - s**y - 1. Let f be (-20)/30 + 10/15. Give q(f).
8
Let o(q) be the third derivative of -q**6/120 - q**5/12 + q**4/4 + 11*q**3/6 + 5816*q**2. Determine o(-5).
-19
Suppose 115 = 4*q + z, -4*q - 765*z + 762*z + 129 = 0. Let a(c) be the first derivative of -q + 1/4*c**4 + c**2 + 4*c - c**3. Determine a(3).
10
Let b(r) = r**3 + 4*r**2 - r - 2. Suppose -5*y - 4*j = -307, -5*j = -3*y + 2*y + 73. Let v(a) = 15*a + 7. Let x be v(4). Let u = y - x. Give b(u).
2
Let z be (-3 + 1 - 52/(-39))*-156. Suppose -z*c = -109*c + 25. Let v(f) = f**3 - 4*f**2 - 6*f - 7. What is v(c)?
-12
Suppose -u = -2*y + 5, 2*y + 4 + 3 = 5*u. Let x(r) = 4*r - 2 - 4*r + 604*r**u + r**2 + r - 605*r**3. Calculate x(-2).
8
Suppose 65*m = -49*m + 5*m + 654. Let j(h) = -h**3 + 4*h**2 + 12*h + 12. Determine j(m).
12
Let b(o) = 17*o**3 + 9*o**2 + 62*o - 64. Let a(j) = 7*j**3 + 3*j**2 + 25*j - 26. Let n(v) = 12*a(v) - 5*b(v). Determine n(-8).
24
Let d(l) = -3*l - 5. Suppose -3*y - 2*i - 19 = 0, -4*y = 5*i + 45 - 8. Let w be d(y). Let a(s) = -7*s - 2. Determine a(w).
-30
Suppose 2*g + 0*g = 2. Let o(q) = 0 - 3*q + 11*q - g. Suppose 0 = 917*t - 463*t - 460*t + 12. Give o(t).
15
Let u(h) = 9200*h - 9207. Let x be u(1). Let t(w) = -2*w + w - 11 + 0*w. Give t(x).
-4
Let v(n) be the third derivative of n**6/120 + 3*n**5/20 + 3*n**4/8 - 82*n**2 - 8*n. Let u = 10 + -18. What is v(u)?
-8
Let d(v) be the third derivative of 9*v**4/4 + 155*v**3/6 - 54*v**2 - 2*v - 4. What is d(-3)?
-7
Let f(w) = -461*w + 31 + 16 + 130 + 455*w. Calculate f(30).
-3
Let l(c) = -c**3 - 13*c**2 - 13*c - 11. Let p be l(-12). Let r(s) = -2*s + 120 + 27*s**3 + s - 62 - 58. Give r(p).
26
Suppose -4*r + 1144 = 4*g, -2*g - 1146 = -6*g - 2*r. Suppose 279 = 2*m + g. Let j(u) = u**3 + 5*u**2 + 4*u. Calculate j(m).
0
Let u(z) = 25*z - 13*z**2 + z**3 - 15*z**2 + 9*z + z + 60 + 7*z**2. Let d be u(19). Let r(p) = -2*p + 6. What is r(d)?
0
Let j(q) = -68*q - 3 - 86*q**2 + 17*q + 2*q**3 + 7 + 75*q**2 + 28*q. What is j(7)?
-10
Suppose 9*x - 5*l = 4*x, -5*x + 12 = l. Let h(c) = -34 - x*c**2 + 33 + 1 + 2*c. Determine h(2).
-4
Let f(n) = -n**2 + 22*n - 13. Let k(r) = 6*r**2 - 130*r + 78. Let o(s) = -23*f(s) - 4*k(s). What is o(6)?
35
Let f(i) = i + 3. Let y be f(-6). Let v(r) = 8 - 4*r**2 - 8*r + 7 + 5 + r**2 - 25 + 7. Determine v(y).
-1
Suppose 5*a + 5 = 5*l, 0*a + 2*a + 2 = 3*l. Let t(b) = -13*b**3 + 9*b**2 - 3*b. Let d(y) = 26*y**3 - 16*y**2 + 5*y. Let s(k) = -4*d(k) - 7*t(k). What is s(a)?
13
Let v(m) = 2*m**2 - 28*m + 21. Let r = 11646 + -11632. Give v(r).
21
Let x(t) = -34*t + 518. Let z(b) = 23*b - 347. Let n(a) = 5*x(a) + 7*z(a). Calculate n(19).
-10
Let s(c) = -c**3 + 6*c**2 + 6*c + 1. Let f be (-2)/3*(-1827)/(-58). Let r be (1160/168 - 2/f)*1. Determine s(r).
-6
Let a(b) = -2*b - 32. Let j(o) = 2. Let r(v) = -2*v**3 + 9*v**2 + 12*v - 25. Let i be r(5). Let t(m) = i*j(m) + a(m). Give t(-5).
-2
Let w be 99/(-21) + 4/(-14). Suppose -2*s = d - 6*s - 66, -216 = -3*d + 3*s. Let o(g) = -2*g - 39 + 0*g + d - 36. What is o(w)?
9
Let w = -2001 + 2007. Let g(u) = -u**2 - 12*u + 111. What is g(w)?
3
Let v be (6 - 130/10) + 1. Let l(d) be the third derivative of d**6/60 + 11*d**5/60 - 5*d**4/24 + d**3 + 17*d**2. Calculate l(v).
0
Let n(t) be the first derivative of 2*t**2 - 166*t + 701. Calculate n(43).
6
Let a(j) be the first derivative of 4*j**3/3 - 3*j**2/2 - 1. Suppose 4 = 2*z, -m + 10 = -0*m + 4*z. Calculate a(m).
10
Let u be (-126)/(-72) + (-1)/(-4). Let f(x) = u - 2*x**2 + x**2 + 158*x - 160*x. Determine f(0).
2
Let f(g) = -3*g**3 - 2*g**2 + 2*g - 9. Let o(k) = k**3 + k**2 + 2. Let h(d) = f(d) + 4*o(d). Suppose z - 5*y + 3*y + 12 = 0, 19 = -2*z + 3*y. What is h(z)?
-5
Let x(z) be the third derivative of z**4/8 + 9*z**3/2 - 60*z**2 - 4. Calculate x(-13).
-12
Let h(y) = 107*y - 64 - 13658*y**2 + 6831*y**2 + 6824*y**2. What is h(35)?
6
Let c(k) = -k + 18. Let n(g) = 3*g**2 + 51*g - 592. Let m be n(-25). Calculate c(m).
10
Let g(t) be the third derivative of 35*t**4/24 - 8*t**3 + 295*t**2. What is g(2)?
22
Let z(d) be the first derivative of -d**4/4 - d**3 - 13*d**2/2 - 44*d + 51. Let a be z(-3). Let l(x) = -x - 6. Calculate l(a).
-1
Let j be (-2)/8*-1*(-3760)/(-20). Suppose j*x = 33*x - 28. Let b(f) = f**2 - f + 1. Calculate b(x).
7
Suppose 2*p - 3 = 4*y + 89, -y = 2*p - 82. Let b = p + -40. Let l(m) = 6*m - 5. What is l(b)?
7
Let h(q) = q**3 - 5*q**2 - 7*q - 4. Let l be h(6). Let i = l - -10. Suppose -4*f + 11 - 3 = i. Let s(r) = 2*r - 3. What is s(f)?
1
Suppose a = 35 - 33. Let y(o) = 6 - 3*o**2 + 1 + 4*o**2 - 4*o - a. Determine y(4).
5
Let a(g) = -g**2 + 31*g - 26. Suppose -w = -1104*i + 1099*i - 55, -3*w = -i - 95. Calculate a(w).
4
Let d(h) be the third derivative of -h**4/24 + 22*h**3/3 - 6*h**2 - 521*h. What is d(-5)?
49
Suppose 9*o - 592 = -7*o. Suppose 5*b + 23 = 4*a, 42*b + 29 = o*b + 2*a. Let d(f) = -f**2 - 4*f - 2. Calculate d(b).
-23
Let t be ((-6)/10)/((-2)/30). Let j(q) = -1868 - 1863 + 3731 - t*q. Calculate j(1).
-9
Let i(v) be the first derivative of -2*v**2 - 35*v - 3913. Calculate i(-12).
13
Let p(u) = -5*u**2 + 8*u**3 + 10*u**2 + 2 + 5 - 9*u**3 + 2*u. Let y(x) = x**3 - 5*x**2 - 6*x + 20. Let s be y(5). Let l be s/(-4)*72/30. Calculate p(l).
-17
L